
{"id":9265,"date":"2023-10-19T08:18:29","date_gmt":"2023-10-19T08:18:29","guid":{"rendered":"https:\/\/algarverealestate.com\/pt\/portugal\/117-praia-da-fuseta\/"},"modified":"2026-02-11T18:23:31","modified_gmt":"2026-02-11T18:23:31","slug":"117-praia-da-fuseta","status":"publish","type":"algarve","link":"https:\/\/algarverealestate.com\/pt\/algarve\/117-praia-da-fuseta\/","title":{"rendered":"117 Praia da Fuseta"},"content":{"rendered":"<ol start=\"117\">\n<\/ol>\n<figure class=\"wp-block-image\"><img src=\"https:\/\/algarverealestate.com\/pt\/wp-content\/uploads\/2026\/01\/117-fuseta.jpg\" width=\"1400\" height=\"933\" class=\"wp-image-419\" alt=\"A Praia da Fuseta possui uma paisagem deslumbrante com a sua extens\u00e3o plana de areia branca que se estende a perder de vista. As areias cristalinas criam um cen\u00e1rio pitoresco, oferecendo amplo espa\u00e7o para banhos de sol, constru\u00e7\u00e3o de castelos de areia ou simplesmente passear ao longo da costa.\" srcset=\"https:\/\/algarverealestate.com\/pt\/wp-content\/uploads\/2026\/01\/117-fuseta-125x83.jpg 125w, https:\/\/algarverealestate.com\/pt\/wp-content\/uploads\/2026\/01\/117-fuseta-150x150.jpg 150w, https:\/\/algarverealestate.com\/pt\/wp-content\/uploads\/2026\/01\/117-fuseta-300x200.jpg 300w, https:\/\/algarverealestate.com\/pt\/wp-content\/uploads\/2026\/01\/117-fuseta-375x250.jpg 375w, https:\/\/algarverealestate.com\/pt\/wp-content\/uploads\/2026\/01\/117-fuseta.jpg 1400w\" sizes=\"(max-width: 1400px) 100vw, 1400px\" loading=\"eager\" decoding=\"async\" fetchpriority=\"high\"><figcaption>A Praia da Fuseta possui uma paisagem deslumbrante com a sua extens\u00e3o plana de areia branca que se estende a perder de vista. As areias cristalinas criam um cen\u00e1rio pitoresco, oferecendo amplo espa\u00e7o para banhos de sol, constru\u00e7\u00e3o de castelos de areia ou simplesmente passear ao longo da costa.<\/figcaption><\/figure>\n<ol start=\"117\">\n<\/ol>\n<figure class=\"wp-block-image\"><img src=\"https:\/\/algarverealestate.com\/pt\/wp-content\/uploads\/2026\/01\/117-img_7202.jpg\" width=\"1400\" height=\"933\" class=\"wp-image-421\" alt=\"A Fuseta \u00e9 a presen\u00e7a de marisqueiras locais que se dedicam \u00e0 apanha de bivalves como am\u00eaijoas e berbig\u00f5es. Voc\u00ea pode observar esses pescadores tradicionais em a\u00e7\u00e3o, mergulhando nas \u00e1guas rasas para coletar essas deliciosas iguarias do mar.\" srcset=\"https:\/\/algarverealestate.com\/pt\/wp-content\/uploads\/2026\/01\/117-img_7202-125x83.jpg 125w, https:\/\/algarverealestate.com\/pt\/wp-content\/uploads\/2026\/01\/117-img_7202-150x150.jpg 150w, https:\/\/algarverealestate.com\/pt\/wp-content\/uploads\/2026\/01\/117-img_7202-300x200.jpg 300w, https:\/\/algarverealestate.com\/pt\/wp-content\/uploads\/2026\/01\/117-img_7202-375x250.jpg 375w, https:\/\/algarverealestate.com\/pt\/wp-content\/uploads\/2026\/01\/117-img_7202.jpg 1400w\" sizes=\"(max-width: 1400px) 100vw, 1400px\" loading=\"lazy\" decoding=\"async\"><figcaption>A Fuseta \u00e9 a presen\u00e7a de marisqueiras locais que se dedicam \u00e0 apanha de bivalves como am\u00eaijoas e berbig\u00f5es. Voc\u00ea pode observar esses pescadores tradicionais em a\u00e7\u00e3o, mergulhando nas \u00e1guas rasas para coletar essas deliciosas iguarias do mar.<\/figcaption><\/figure>\n","protected":false},"featured_media":419,"parent":0,"menu_order":0,"template":"","meta":[],"class_list":["post-9265","algarve","type-algarve","status-publish","has-post-thumbnail","hentry"],"_links":{"self":[{"href":"https:\/\/algarverealestate.com\/pt\/wp-json\/wp\/v2\/algarve\/9265","targetHints":{"allow":["GET"]}}],"collection":[{"href":"https:\/\/algarverealestate.com\/pt\/wp-json\/wp\/v2\/algarve"}],"about":[{"href":"https:\/\/algarverealestate.com\/pt\/wp-json\/wp\/v2\/types\/algarve"}],"wp:featuredmedia":[{"embeddable":true,"href":"https:\/\/algarverealestate.com\/pt\/wp-json\/wp\/v2\/media\/419"}],"wp:attachment":[{"href":"https:\/\/algarverealestate.com\/pt\/wp-json\/wp\/v2\/media?parent=9265"}],"curies":[{"name":"wp","href":"https:\/\/api.w.org\/{rel}","templated":true}]}}

<ol start="117">
</ol>
<figure class="wp-block-image"><img src="https://algarverealestate.com/pt/wp-content/uploads/2026/01/117-fuseta.jpg" width="1400" height="933" class="wp-image-419" alt="A Praia da Fuseta possui uma paisagem deslumbrante com a sua extensão plana de areia branca que se estende a perder de vista. As areias cristalinas criam um cenário pitoresco, oferecendo amplo espaço para banhos de sol, construção de castelos de areia ou simplesmente passear ao longo da costa." srcset="https://algarverealestate.com/pt/wp-content/uploads/2026/01/117-fuseta-125x83.jpg 125w, https://algarverealestate.com/pt/wp-content/uploads/2026/01/117-fuseta-150x150.jpg 150w, https://algarverealestate.com/pt/wp-content/uploads/2026/01/117-fuseta-300x200.jpg 300w, https://algarverealestate.com/pt/wp-content/uploads/2026/01/117-fuseta-375x250.jpg 375w, https://algarverealestate.com/pt/wp-content/uploads/2026/01/117-fuseta.jpg 1400w" sizes="(max-width: 1400px) 100vw, 1400px" loading="eager" decoding="async" fetchpriority="high"><figcaption>A Praia da Fuseta possui uma paisagem deslumbrante com a sua extensão plana de areia branca que se estende a perder de vista. As areias cristalinas criam um cenário pitoresco, oferecendo amplo espaço para banhos de sol, construção de castelos de areia ou simplesmente passear ao longo da costa.</figcaption></figure>
<ol start="117">
</ol>
<figure class="wp-block-image"><img src="https://algarverealestate.com/pt/wp-content/uploads/2026/01/117-img_7202.jpg" width="1400" height="933" class="wp-image-421" alt="A Fuseta é a presença de marisqueiras locais que se dedicam à apanha de bivalves como amêijoas e berbigões. Você pode observar esses pescadores tradicionais em ação, mergulhando nas águas rasas para coletar essas deliciosas iguarias do mar." srcset="https://algarverealestate.com/pt/wp-content/uploads/2026/01/117-img_7202-125x83.jpg 125w, https://algarverealestate.com/pt/wp-content/uploads/2026/01/117-img_7202-150x150.jpg 150w, https://algarverealestate.com/pt/wp-content/uploads/2026/01/117-img_7202-300x200.jpg 300w, https://algarverealestate.com/pt/wp-content/uploads/2026/01/117-img_7202-375x250.jpg 375w, https://algarverealestate.com/pt/wp-content/uploads/2026/01/117-img_7202.jpg 1400w" sizes="(max-width: 1400px) 100vw, 1400px" loading="lazy" decoding="async"><figcaption>A Fuseta é a presença de marisqueiras locais que se dedicam à apanha de bivalves como amêijoas e berbigões. Você pode observar esses pescadores tradicionais em ação, mergulhando nas águas rasas para coletar essas deliciosas iguarias do mar.</figcaption></figure>
