
{"id":9167,"date":"2023-10-19T08:17:41","date_gmt":"2023-10-19T08:17:41","guid":{"rendered":"https:\/\/algarverealestate.com\/pt\/portugal\/019-praia-do-beliche\/"},"modified":"2026-02-11T18:22:30","modified_gmt":"2026-02-11T18:22:30","slug":"019-praia-do-beliche","status":"publish","type":"algarve","link":"https:\/\/algarverealestate.com\/pt\/algarve\/019-praia-do-beliche\/","title":{"rendered":"019 Praia do Beliche"},"content":{"rendered":"<ol start=\"19\">\n<\/ol>\n<figure class=\"wp-block-image\"><img src=\"https:\/\/algarverealestate.com\/pt\/wp-content\/uploads\/2026\/01\/19-beliche.jpg\" width=\"1400\" height=\"934\" class=\"wp-image-8484\" alt=\"A Praia do Beliche, localizada a uma curta viagem de Sagres, lindamente capturada com a vila de Sagres e o dram\u00e1tico promont\u00f3rio de Sagres formando um cen\u00e1rio pitoresco.\" srcset=\"https:\/\/algarverealestate.com\/pt\/wp-content\/uploads\/2026\/01\/19-beliche-125x83.jpg 125w, https:\/\/algarverealestate.com\/pt\/wp-content\/uploads\/2026\/01\/19-beliche-150x150.jpg 150w, https:\/\/algarverealestate.com\/pt\/wp-content\/uploads\/2026\/01\/19-beliche-300x200.jpg 300w, https:\/\/algarverealestate.com\/pt\/wp-content\/uploads\/2026\/01\/19-beliche-430x293.jpg 430w, https:\/\/algarverealestate.com\/pt\/wp-content\/uploads\/2026\/01\/19-beliche-768x512.jpg 768w, https:\/\/algarverealestate.com\/pt\/wp-content\/uploads\/2026\/01\/19-beliche-880x586.jpg 880w, https:\/\/algarverealestate.com\/pt\/wp-content\/uploads\/2026\/01\/19-beliche.jpg 1400w\" sizes=\"(max-width: 1400px) 100vw, 1400px\" loading=\"eager\" decoding=\"async\" fetchpriority=\"high\"><figcaption>A Praia do Beliche, localizada a uma curta viagem de Sagres, lindamente capturada com a vila de Sagres e o dram\u00e1tico promont\u00f3rio de Sagres formando um cen\u00e1rio pitoresco.<\/figcaption><\/figure>\n<ol start=\"19\">\n<\/ol>\n<figure class=\"wp-block-image\"><img src=\"https:\/\/algarverealestate.com\/pt\/wp-content\/uploads\/2026\/01\/19-beliche-beach.jpg\" width=\"1400\" height=\"788\" class=\"wp-image-8485\" alt=\"Vista imponente do topo da fal\u00e9sia sobre a Praia do Beliche, com o distante Farol do Cabo de S\u00e3o Vicente pontuando o horizonte, criando um quadro deslumbrante da costa intocada de Portugal.\" srcset=\"https:\/\/algarverealestate.com\/pt\/wp-content\/uploads\/2026\/01\/19-beliche-beach-125x83.jpg 125w, https:\/\/algarverealestate.com\/pt\/wp-content\/uploads\/2026\/01\/19-beliche-beach-150x150.jpg 150w, https:\/\/algarverealestate.com\/pt\/wp-content\/uploads\/2026\/01\/19-beliche-beach-300x169.jpg 300w, https:\/\/algarverealestate.com\/pt\/wp-content\/uploads\/2026\/01\/19-beliche-beach-430x293.jpg 430w, https:\/\/algarverealestate.com\/pt\/wp-content\/uploads\/2026\/01\/19-beliche-beach-768x432.jpg 768w, https:\/\/algarverealestate.com\/pt\/wp-content\/uploads\/2026\/01\/19-beliche-beach-880x586.jpg 880w, https:\/\/algarverealestate.com\/pt\/wp-content\/uploads\/2026\/01\/19-beliche-beach.jpg 1400w\" sizes=\"(max-width: 1400px) 100vw, 1400px\" loading=\"lazy\" decoding=\"async\"><figcaption>Vista imponente do topo da fal\u00e9sia sobre a Praia do Beliche, com o distante Farol do Cabo de S\u00e3o Vicente pontuando o horizonte, criando um quadro deslumbrante da costa intocada de Portugal.<\/figcaption><\/figure>\n","protected":false},"featured_media":8484,"parent":0,"menu_order":0,"template":"","meta":[],"class_list":["post-9167","algarve","type-algarve","status-publish","has-post-thumbnail","hentry"],"_links":{"self":[{"href":"https:\/\/algarverealestate.com\/pt\/wp-json\/wp\/v2\/algarve\/9167","targetHints":{"allow":["GET"]}}],"collection":[{"href":"https:\/\/algarverealestate.com\/pt\/wp-json\/wp\/v2\/algarve"}],"about":[{"href":"https:\/\/algarverealestate.com\/pt\/wp-json\/wp\/v2\/types\/algarve"}],"wp:featuredmedia":[{"embeddable":true,"href":"https:\/\/algarverealestate.com\/pt\/wp-json\/wp\/v2\/media\/8484"}],"wp:attachment":[{"href":"https:\/\/algarverealestate.com\/pt\/wp-json\/wp\/v2\/media?parent=9167"}],"curies":[{"name":"wp","href":"https:\/\/api.w.org\/{rel}","templated":true}]}}

<ol start="19">
</ol>
<figure class="wp-block-image"><img src="https://algarverealestate.com/pt/wp-content/uploads/2026/01/19-beliche.jpg" width="1400" height="934" class="wp-image-8484" alt="A Praia do Beliche, localizada a uma curta viagem de Sagres, lindamente capturada com a vila de Sagres e o dramático promontório de Sagres formando um cenário pitoresco." srcset="https://algarverealestate.com/pt/wp-content/uploads/2026/01/19-beliche-125x83.jpg 125w, https://algarverealestate.com/pt/wp-content/uploads/2026/01/19-beliche-150x150.jpg 150w, https://algarverealestate.com/pt/wp-content/uploads/2026/01/19-beliche-300x200.jpg 300w, https://algarverealestate.com/pt/wp-content/uploads/2026/01/19-beliche-430x293.jpg 430w, https://algarverealestate.com/pt/wp-content/uploads/2026/01/19-beliche-768x512.jpg 768w, https://algarverealestate.com/pt/wp-content/uploads/2026/01/19-beliche-880x586.jpg 880w, https://algarverealestate.com/pt/wp-content/uploads/2026/01/19-beliche.jpg 1400w" sizes="(max-width: 1400px) 100vw, 1400px" loading="eager" decoding="async" fetchpriority="high"><figcaption>A Praia do Beliche, localizada a uma curta viagem de Sagres, lindamente capturada com a vila de Sagres e o dramático promontório de Sagres formando um cenário pitoresco.</figcaption></figure>
<ol start="19">
</ol>
<figure class="wp-block-image"><img src="https://algarverealestate.com/pt/wp-content/uploads/2026/01/19-beliche-beach.jpg" width="1400" height="788" class="wp-image-8485" alt="Vista imponente do topo da falésia sobre a Praia do Beliche, com o distante Farol do Cabo de São Vicente pontuando o horizonte, criando um quadro deslumbrante da costa intocada de Portugal." srcset="https://algarverealestate.com/pt/wp-content/uploads/2026/01/19-beliche-beach-125x83.jpg 125w, https://algarverealestate.com/pt/wp-content/uploads/2026/01/19-beliche-beach-150x150.jpg 150w, https://algarverealestate.com/pt/wp-content/uploads/2026/01/19-beliche-beach-300x169.jpg 300w, https://algarverealestate.com/pt/wp-content/uploads/2026/01/19-beliche-beach-430x293.jpg 430w, https://algarverealestate.com/pt/wp-content/uploads/2026/01/19-beliche-beach-768x432.jpg 768w, https://algarverealestate.com/pt/wp-content/uploads/2026/01/19-beliche-beach-880x586.jpg 880w, https://algarverealestate.com/pt/wp-content/uploads/2026/01/19-beliche-beach.jpg 1400w" sizes="(max-width: 1400px) 100vw, 1400px" loading="lazy" decoding="async"><figcaption>Vista imponente do topo da falésia sobre a Praia do Beliche, com o distante Farol do Cabo de São Vicente pontuando o horizonte, criando um quadro deslumbrante da costa intocada de Portugal.</figcaption></figure>
